 317 = 0, w = 2*g + 33 + 25. Let l(q) = 0 - 65*q**3 + 10*q**2 - 6 + w*q**3 + 17*q. What is the tens digit of l(10)?
6
Let h be (-2246 + 0 - 0) + 176 + -171. What is the tens digit of h/(-12)*(-168)/(-63)?
9
What is the ten thousands digit of (19170/1775)/(-2 + (-52149)/(-26070))?
3
Suppose 2*g - 8 = 2. Let w = g - 1. What is the tens digit of w/4 - (-34 - 2)?
3
Suppose 518 = 3*u - u. Let y = -107 + u. Suppose -3*z + 4*z = y. What is the units digit of z?
2
Let r be 70/(-40)*-14*20. Suppose -5*i = 5*h - i - r, -4*h - 2*i = -386. Let w = h - -102. What is the units digit of w?
6
Suppose 2*u - 666 - 15600 = 0. What is the hundreds digit of u?
1
Let l = -73 - -49. Suppose -68*g = -64*g + 28. Let t = g - l. What is the tens digit of t?
1
What is the ten thousands digit of (155584/572)/(4/862)?
5
Let f(r) = -7*r - 222. Let p(g) = -10*g - 333. Let u(h) = 7*f(h) - 5*p(h). Suppose 58*o = -40*o + 18*o. What is the hundreds digit of u(o)?
1
Let c = -715 + 1968. Let j = c - 160. What is the hundreds digit of j?
0
Let m be 3 + (-4886)/(-10) - (-6)/15. Let g = m - 218. What is the tens digit of g?
7
Let i(x) = x**3 + 5*x**2 + 6*x + 5. Let v be i(-4). Suppose 350 = -45*z - 25*z. What is the hundreds digit of ((-53)/v)/(z/(-45))?
1
Suppose 3*r + 5*o = 7759, -5*r = 3*o - 4742 - 8211. Suppose -r = -4*p - 221. What is the units digit of p?
3
Suppose -9*n + 270 = -6*n. Let p(j) = 56 - 63 - 20*j + n*j. What is the units digit of p(2)?
3
Let f be (-5 + 3)/((-2)/(-4)). Let a be f*(-1)/(0 - -1). What is the tens digit of (6 - 3 - 0)*(10 + a)?
4
Suppose -551*h = -501*h - 3178150. What is the ten thousands digit of h?
6
Let f be (-213 + 0)/((-216)/72). Suppose -76*j = -f*j - 4305. What is the units digit of j?
1
Let v be 20/(-8)*2/10*30. What is the tens digit of 222/4*(3 - v/9)?
5
Let x = -386 + 338. Let b = 346 + x. What is the hundreds digit of b?
2
Let m be (10/4 - 3)/(3/(-2754)). Let j = m - -305. Suppose -3*p + 2*z = -459, 7*p - 3*z - j = 2*p. What is the units digit of p?
1
Let x(p) = -2*p**3 - 45*p**2 - 201*p + 178. What is the tens digit of x(-38)?
8
Let q(v) = v**3 + 14*v**2 + 14*v - 5. Let n(f) = -f + 7. Let w be n(5). Suppose 5*y = 3*d - 69, 0*y - w*y = -d + 27. What is the hundreds digit of q(y)?
1
Suppose -6*a = 13*a. Suppose -4*f + 9 - 301 = -n, a = -4*f + 4. What is the hundreds digit of n?
2
Let q(d) = -d**2 + 30*d + 3. Let y(x) = 7*x**3 - 3*x**2 + 2. Let b be y(1). Let a be 856/40 - b/(-10). What is the units digit of q(a)?
9
Suppose 2*m - 241 + 378 - 319 = 0. Suppose 0 = -5*p + 16 - 6. Suppose 3*f + p*t = m + 299, -628 = -5*f + 4*t. What is the hundreds digit of f?
1
Let z = -202 - -202. Suppose -15*l + 2880 + 15840 = z. What is the hundreds digit of l?
2
Let q be 21/3 - (-7 - -5). Suppose -q*k = 8*k - 8245. What is the tens digit of k?
8
Suppose -5*h + 3*z + 20 = -19, -5*h = -z - 33. Suppose -2*l + 1188*m - 8 = 1184*m, -5*l - 3*m = 20. What is the tens digit of (-290)/(-3) + l/h?
9
Suppose -18*z = -12*z - 8388. Suppose 0 = 5*c - z + 518. What is the tens digit of c?
7
Suppose 0 = -3*h + 6, 4*d = 5*h + 6 - 0. Suppose -7*x + 2*x + 2870 = -5*c, c = -d*x + 2321. What is the hundreds digit of x?
5
Let i(j) = -31*j + 7746. What is the tens digit of i(153)?
0
Suppose 17*m - 106855 = -20*m + 467940. What is the hundreds digit of m?
5
Let r = -14505 - -33599. What is the tens digit of r?
9
Let c = 2629 + 968. What is the thousands digit of c?
3
Suppose 386 = 7*o - 3583. Let k = o - 11. What is the hundreds digit of k?
5
Suppose -6*t - 27 + 63 = 0. Suppose 894 = t*u - 1428. What is the units digit of u?
7
What is the tens digit of (-614*2)/1*(-46 + 45)?
2
Let j = -488 - -1917. Let r = j + -1017. What is the hundreds digit of r?
4
Suppose 23301 = 4*k - 5*u - 20063, -4*u - 32521 = -3*k. What is the thousands digit of k?
0
Let q be (-4)/(-5 - -1)*53. Let d = q + -54. What is the units digit of (-2)/1 + 89 + 0 + d?
6
Suppose m + 5 - 3 = 0. Let z be 8/m + 2 - -4. Suppose -557 + 73 = -z*u. What is the units digit of u?
2
Suppose -631*y + 889*y - 13457796 = 0. What is the units digit of y?
2
Suppose -12*z = -17*z - 6*i + 310796, 0 = 2*i - 12. What is the ten thousands digit of z?
6
Let a(d) = -d**3 - 126*d**2 + 31*d + 70. Let s(q) = 2*q**3 + 188*q**2 - 46*q - 106. Let t(z) = 7*a(z) + 5*s(z). What is the units digit of t(-19)?
8
Let h(z) = -4*z + 44. Let u be h(11). Suppose -8*s = -u*s - 2760. What is the hundreds digit of s?
3
Suppose 6209 = 2*w - 3*v - 200, 2*w + 3*v - 6439 = 0. Suppose 22*i - w = 550. What is the tens digit of i?
7
Let g = -197 + 313. Let t = -29 + g. What is the tens digit of t?
8
Suppose -6*n + n - 11 = -3*v, -4 = -2*v. What is the units digit of -5 - -7*(n - -56)?
0
Let p(u) = 60*u + 267. What is the units digit of p(14)?
7
Let p(c) = -2*c - 11. Let o be p(-5). What is the thousands digit of (o - (-12)/10)/((-6)/(-44430))?
1
Suppose -25620 = -5*l + 7375. What is the thousands digit of l?
6
Let d be ((-1)/1)/((-2)/381)*2. Suppose -3*u + d = -2*u. What is the hundreds digit of u?
3
Let g(w) = 5*w**3 - 19*w**2 - 7*w + 7. Let t be g(5). What is the hundreds digit of t*(1 - (-12)/8)?
3
What is the thousands digit of (-6)/4 + ((-101865)/(-6) - 8)?
6
Let n = -498 + -304. Let u = -273 - n. What is the hundreds digit of u?
5
Let x = -2748 + 9600. What is the tens digit of x?
5
Let k(z) = 6954*z**2 - z. What is the hundreds digit of k(-1)?
9
Let d(a) = -3015 - 97*a + 3015. Let t(o) = o**3 - 8*o**2 + 8*o - 8. Let g be t(7). What is the tens digit of d(g)?
9
Let s(p) = -p**2 - 8*p - 6. Let u be s(-7). Let c be 123 - u*(-3 - -6). Let z = c + -26. What is the units digit of z?
4
Let g = 48184 - 26371. What is the tens digit of g?
1
Suppose p - 2*p = -5. Suppose -g - 3*g + 1460 = 4*r, -g = -p*r - 335. What is the units digit of g?
0
Let o(h) = h**2 - 8*h + 5. Let w be o(4). Let n = w - -13. What is the units digit of (-49)/(n*(-4)/8)?
9
Let h = 133150 + -94382. What is the hundreds digit of h?
7
Let m(b) be the second derivative of 7/12*b**4 - b**3 + 0 + 5/2*b**2 - 37*b. What is the hundreds digit of m(-5)?
2
Let j(v) = 2*v - 3*v**2 - 12*v**2 + 9 + 14*v**2 + v. Let k be j(5). What is the hundreds digit of k/8 - 8765/(-40)?
2
Let w(z) = 47*z**2 + 14*z + 22. Suppose 0*j - 9*j - 315 = 0. Let k be 6/4 - j/(-10). What is the hundreds digit of w(k)?
1
Let u = 990 + -185. Let t = u - -1100. What is the hundreds digit of t?
9
What is the ten thousands digit of (69952/16)/((-4)/(-11))?
1
Let q(x) = -x**3 - 5*x**2 - 9. Let c be q(-9). Let o = 554 - c. What is the tens digit of o?
3
Let b(f) = -2*f**3 + 122*f**2 - 14*f - 55. What is the ten thousands digit of b(-15)?
3
Let r(y) = -22*y + 18. Let d(z) = -15*z + 12. Let m(h) = -8*d(h) + 5*r(h). Let o be m(1). Suppose -445 = -o*q + 467. What is the units digit of q?
8
Suppose -2*y + 3*o + 18691 + 4284 = 0, 4*y - 45957 = -o. What is the tens digit of y?
8
Suppose -4*v + 256 = 4*q, -q = q + 6. Suppose -3*h + 652 = v. Suppose 0 = -0*p + 3*p + 2*y - 117, -5*p - y = -h. What is the tens digit of p?
3
Let d(a) = 11*a**2 + 502*a + 23. What is the thousands digit of d(15)?
0
Suppose -38*i + 33*i + 50 = 0. Suppose i = 3*g + 7. What is the tens digit of g/(3/(-3))*-43?
4
Suppose -7 = 8*i - 7. Let a be 1355/5 - ((-3)/(-1) + i). Suppose -9*m + 676 = -4*m - 2*h, 2*m - a = 2*h. What is the units digit of m?
6
Let h be -7724*-5*(-8)/(-80). Suppose -3*t = -3*q + 2147 + 166, -h = -5*q - 2*t. What is the tens digit of q?
7
Suppose 0 = -4*b - 3755 - 5405. Let s be b/(-12) + 1/6. Let t = s - 107. What is the units digit of t?
4
Let c be (6 - 2) + (1 - 1). Suppose -53 = -c*j - h + 13, j - 3*h = 10. What is the units digit of j?
6
Suppose -4746 = -k + 5*r - 1585, 0 = -4*r - 20. Suppose -10*j - 4*j = -k. What is the tens digit of j?
2
Let f be 8 - 329/42 - (-22)/12. Suppose 3194 = 3*p - f*n - 2642, -p = n - 1942. What is the thousands digit of p?
1
Let j(k) = -11*k + 54. Let z(m) = 6*m - 27. Let l(t) = 4*j(t) + 7*z(t). Let c be l(9). Suppose 6*f = -c*f + 2760. What is the tens digit of f?
8
Let c(b) = 333*b**2 + 48*b + 181. What is the hundreds digit of c(-8)?
1
Suppose -2*q - 9279 = -j, -6*j + 5*q = -11*j + 46305. What is the units digit of j?
7
Let m = 16 - 24. Let x be 12/(-16) + 0 + (-166)/m. Suppose -22*w = -x*w - 32. What is the units